{"id":111517,"date":"2017-02-04T00:33:40","date_gmt":"2017-02-03T16:33:40","guid":{"rendered":"http:\/\/www.symedialab.org.hk\/talk\/?page_id=111517"},"modified":"2017-02-04T00:43:30","modified_gmt":"2017-02-03T16:43:30","slug":"%e5%93%88%e8%92%99","status":"publish","type":"page","link":"https:\/\/www.symedialab.com\/talk\/%e5%93%88%e8%92%99\/","title":{"rendered":"\u54c8\u8499"},"content":{"rendered":"<p>\u54c8\u8499\uff08Benoit Hamon\uff09<\/p>\n<p>\u8eab\u4efd\uff1a\u6cd5\u570b\u524d\u6559\u80b2\u90e8\u9577<\/p>\n<p>\u51fa\u751f\uff1a1967\u5e746\u670826\u65e5\u751f\u65bc\u6cd5\u570b\u83f2\u5c3c\u65af\u6cf0\u723e\u7701\u8056\u96f7\u5357<\/p>\n<p>\u653f\u9ee8\uff1a\u793e\u6703\u9ee8<\/p>\n<p>\u7c21\u6b77\uff1a<\/p>\n<p>\u20272004\u5e746\u670813\u65e5\u81f32009\u5e746\u67087\u65e5\uff1a\u6b50\u6d32\u8b70\u6703\u8b70\u54e1<\/p>\n<p>\u20272012\u5e745\u670816\u65e5\u81f32014\u5e743\u670831\u65e5\uff1a\u793e\u6703\u7d93\u6fdf\u526f\u90e8\u9577<\/p>\n<p>\u20272014\u5e744\u67082\u65e5\u81f32014\u5e748\u670825\u65e5\uff1a\u6559\u80b2\u90e8\u9577<\/p>\n<p>\u20272017\u5e741\u670829\u65e5\uff1a\u4ee558.89%\u9078\u7968\u6230\u52dd\u524d\u7e3d\u7406\u74e6\u723e\u65af\uff0c\u8d0f\u5f97\u793e\u6703\u9ee8\u7684\u7e3d\u7d71\u53c3\u9078\u4eba\u521d\u9078\uff0c\u4ee3\u8868\u793e\u6703\u9ee8\u51fa\u62302017\u5e744\u6708\u7684\u6cd5\u570b\u7e3d\u7d71\u9078\u8209\u3002<\/p>\n","protected":false},"excerpt":{"rendered":"<p>\u54c8\u8499\uff08Benoit Hamon\uff09 \u8eab\u4efd\uff1a\u6cd5\u570b\u524d\u6559\u80b2\u90e8\u9577 \u51fa\u751f\uff1a1967\u5e746\u670826\u65e5\u751f\u65bc\u6cd5\u570b\u83f2\u5c3c\u65af\u6cf0\u723e\u7701\u8056\u96f7\u5357 \u653f\u9ee8\uff1a\u793e\u6703\u9ee8 \u7c21\u6b77\uff1a \u20272004\u5e746\u670813\u65e5\u81f32009\u5e746\u67087\u65e5\uff1a\u6b50\u6d32\u8b70\u6703\u8b70\u54e1 \u20272012\u5e745\u670816\u65e5\u81f32014\u5e743\u670831\u65e5\uff1a\u793e\u6703\u7d93\u6fdf\u526f\u90e8\u9577 \u20272014\u5e744\u67082\u65e5\u81f32014\u5e748\u670825\u65e5\uff1a\u6559\u80b2\u90e8\u9577 \u20272017\u5e741\u670829\u65e5\uff1a\u4ee558.89%\u9078\u7968\u6230\u52dd\u524d\u7e3d\u7406\u74e6\u723e\u65af\uff0c\u8d0f\u5f97\u793e\u6703\u9ee8\u7684\u7e3d\u7d71\u53c3\u9078\u4eba\u521d\u9078\uff0c\u4ee3\u8868\u793e\u6703\u9ee8\u51fa\u62302017\u5e744\u6708\u7684\u6cd5\u570b\u7e3d\u7d71\u9078\u8209\u3002<\/p>\n","protected":false},"author":1207,"featured_media":111518,"parent":0,"menu_order":0,"comment_status":"closed","ping_status":"closed","template":"page-templates\/who-events.php","meta":[],"jetpack_shortlink":"https:\/\/wp.me\/PaaypJ-t0F","jetpack-related-posts":[{"id":30554,"url":"https:\/\/www.symedialab.com\/talk\/%e5%a5%a7%e6%9c%97%e5%be%b7\/","url_meta":{"origin":111517,"position":0},"title":"\u5967\u6717\u5fb7","author":"Patricia Leung","date":"March 9, 2015","format":false,"excerpt":"\u5967\u6717\u5fb7\uff08Fran\u00e7ois G\u00e9rard Georges Nicolas Hollande\uff09 \u8eab\u4efd\uff1a\u6cd5\u570b\u7e3d\u7d71\u517c\u5b89\u9053\u723e\u5927\u516c \u51fa\u751f\uff1a1954\u5e748\u670812\u65e5\u751f\u65bc\u6cd5\u570b\u897f\u5317\u90e8\u57ce\u5e02\u9b6f\u6602 \u5b78\u6b77\uff1a \u2027\u66fe\u5c31\u8b80\u5df4\u65af\u5fb7\u4e2d\u5b78 \u2027\u53d6\u5f97\u5df4\u9ece\u5927\u5b78\u6cd5\u5b78\u9662\u6cd5\u5f8b\u5b78\u58eb\u5b78\u4f4d \u2027\u66fe\u5728\u6cd5\u570b\u9ad8\u7b49\u5546\u79d1\u5b78\u6821HEC\u53ca\u5df4\u9ece\u653f\u6cbb\u5b78\u9662Science Po\u6df1\u9020\u3002 \u2027\u7562\u696d\u65bc\u570b\u5bb6\u884c\u653f\u5b78\u9662\uff0c\u8a72\u5b78\u9662\u6709\u6cd5\u570b\u7e3d\u7d71\u6416\u7c43\u4e4b\u7a31\u3002 \u5bb6\u5ead\uff1a \u2027\u7236\u89aa\u662f\u4e00\u4f4d\u8033\u9f3b\u5589\u79d1\u91ab\u751f\uff0c\u66fe\u53c3\u52a0\u516d\u5341\u5e74\u4ee3\u7e3d\u7d71\u9078\u8209\u7af6\u9078\u6d3b\u52d5\u3002 \u2027\u6bcd\u89aa\u662f\u652f\u6301\u5de6\u6d3e\u7684\u793e\u6703\u5de5\u4f5c\u8005 \u20271978\u5e74\u81f32007\u5e74\uff0c\u8207\u6cd5\u570b\u653f\u6cbb\u5bb6\u5973\u53cb\u585e\u6208\u840a\u7d0d\u00b7\u7f85\u4e9e\u723e\uff08Marie-S\u00e9gol\u00e8ne Royal\uff09\u540c\u5c45\uff0c\u80b2\u67094\u540d\u5b69\u5b50\uff1aThomas\u3001Cl\u00e9mence\u3001Julien\u3001Flora\uff0c\u5169\u4eba\u57282007\u5e74\u7e3d\u7d71\u5927\u9078\u5f8c\u5206\u624b\u3002 \u20272007\u5e74\uff0c\u8207\u8cc7\u6df1\u653f\u6cbb\u8a18\u8005\u5973\u53cb\u74e6\u840a\u9e97\u00b7\u7279\u91cc\u8036\u7dad\u52d2\uff08Val\u00e9rie Trierweiler\uff09\u4ea4\u5f80\u3002 \u20272014\u5e741\u670825\u65e5\uff0c\u5967\u6717\u5fb7\u5ba3\u5e03\u8207\u5171\u540c\u751f\u6d3b7\u5e74\u7684\u5973\u53cb\u74e6\u840a\u9e97\u5206\u624b\u3002 \u7c21\u6b77\uff1a \u20271968\u5e74\u5168\u5bb6\u9077\u5f80\u5df4\u9ece\uff0c\u5165\u4f4f\u5df4\u9ece\u90ca\u5340\u6700\u5bcc\u88d5\u7684\u5e02\u93ae\u2500\u2500\u7d0d\u4f0a\u5e02\u3002 \u20271979\u5e74\u52a0\u5165\u6cd5\u570b\u793e\u6703\u9ee8 \u20271981\u5e74\uff0c\u5bc6\u7279\u6717\uff08Fran\u00e7ois Mitterrand\uff09\u7576\u9078\u6cd5\u570b\u7e3d\u7d71\uff0c26\u6b72\u7684\u5967\u6717\u5fb7\u6210\u70ba\u7e3d\u7d71\u5e9c\u9867\u554f\uff0c\u4e26\u65bc\u6b21\u5e74\u9032\u5165\u7e3d\u7d71\u5e9c\u7d93\u6fdf\u73ed\u5b50\u3002 \u20271988\u5e74\u7576\u9078\u570b\u6c11\u8b70\u6703\u8b70\u54e1\uff0c\u63a5\u4efb\u82e5\u65af\u6f58\uff08Lionel Jospin\uff09\u64d4\u4efb\u793e\u6703\u9ee8\u7b2c\u4e00\u66f8\u8a18\u3002 \u20271997\u5e74\u518d\u5ea6\u7576\u9078\u570b\u6c11\u8b70\u6703\u8b70\u54e1\uff0c\u4ee5\u53ca\u51fa\u4efb\u793e\u6703\u9ee8\u7b2c\u4e00\u66f8\u8a18\uff0c\u9577\u905411\u5e74\u4e4b\u4e45\u3002 \u20272001\u5e74\u7576\u9078\u6cd5\u570b\u8482\u52d2\u5e02\u9577 \u20272008\u5e74\u793e\u6703\u9ee8\u5728\u9023\u7e8c3\u6b21\u7e3d\u7d71\u9078\u8209\u5931\u6557\u5f8c\uff0c\u5967\u6717\u5fb7\u8fad\u53bb\u793e\u6703\u9ee8\u7b2c\u4e00\u66f8\u8a18\u7684\u8077\u52d9\u3002 \u20272011\u5e7410\u670816\u65e5\uff0c\u5728\u9ee8\u5167\u521d\u9078\u4e2d\u52dd\u51fa\uff0c\u6b63\u5f0f\u6210\u70ba\u6cd5\u570b\u7e3d\u7d71\u5019\u9078\u4eba\u3002 \u20272012\u5e74\u6cd5\u570b\u7e3d\u7d71\u9078\u8209\uff0c\u57284\u670822\u65e5\u7b2c\u4e00\u8f2a\u6295\u7968\u4e2d\uff0c\u5967\u6717\u5fb7\u5f97\u7968\u7387\u7b2c\u4e00\uff0828.63%\uff09\uff0c\u8207\u6642\u4efb\u7e3d\u7d71\u85a9\u723e\u79d1\u9f4a\uff0827.18%\uff09\u4e00\u540c\u9032\u5165\u7b2c\u4e8c\u8f2a\u6295\u7968\u3002 \u20272012\u5e745\u67086\u65e5\uff0c\u6cd5\u570b\u7e3d\u7d71\u9078\u8209\u8209\u884c\u7b2c\u4e8c\u8f2a\u6295\u7968\uff0c\u5967\u6717\u5fb7\u5f97\u7968\u7387\u7b2c\u4e00\uff0851.64%\uff09\uff0c\u64ca\u6557\u6642\u4efb\u7e3d\u7d71\u85a9\u723e\u79d1\u9f4a\u6210\u70ba\u65b0\u4efb\u6cd5\u570b\u7e3d\u7d71\u3002\u540c\u6642\uff0c\u64d4\u4efb\u5b89\u9053\u723e\u5927\u516c\u3002","rel":"","context":"Similar post","block_context":{"text":"Similar post","link":""},"img":{"alt_text":"","src":"https:\/\/i0.wp.com\/www.symedialab.com\/talk\/wp-content\/uploads\/2015\/03\/360.jpg?resize=350%2C200&ssl=1","width":350,"height":200},"classes":[]},{"id":40923,"url":"https:\/\/www.symedialab.com\/talk\/%e6%a1%91%e6%89%98%e6%96%af\/","url_meta":{"origin":111517,"position":1},"title":"\u6851\u6258\u65af","author":"Newsroom","date":"May 5, 2015","format":false,"excerpt":"\u6851\u6258\u65af\uff08Juan Manuel Santos\uff09 \u8eab\u4efd\uff1a\u54e5\u502b\u6bd4\u4e9e\u7e3d\u7d71\u3001\u7d93\u6fdf\u5b78\u5bb6 \u51fa\u751f\uff1a1951\u5e748\u670810\u65e5\u751f\u65bc\u54e5\u502b\u6bd4\u4e9e\u9996\u90fd\u6ce2\u54e5\u5927 \u5b78\u6b77\uff1a \u2027\u5148\u5f8c\u5c31\u8b80\u65bc\u54e5\u502b\u6bd4\u4e9e\u5361\u5854\u8d6b\u7d0d\u6d77\u8ecd\u5b78\u9662\u3001\u82f1\u570b\u502b\u6566\u7d93\u6fdf\u5b78\u9662\u53ca\u7f8e\u570b\u54c8\u4f5b\u5927\u5b78 \u5bb6\u5ead\uff1a \u2027\u53d4\u7956\u7236\u611b\u5fb7\u83ef\u591a\u00b7\u6851\u6258\u65af\u66fe\u65bc1938\u5e74\u52301942\u5e74\u64d4\u4efb\u54e5\u502b\u6bd4\u4e9e\u7e3d\u7d71\uff0c\u4e14\u662f\u8a72\u570b\u4e3b\u8981\u5831\u7d19\u300aEl Tiempo\u300b\u7684\u6301\u6709\u4eba\u3002 \u2027\u7236\u89aa\u6069\u91cc\u514b\u00b7\u6851\u6258\u65af\uff08Enrique Santos Castillo\uff09\u66fe\u64d4\u4efb\u300aEl Tiempo\u300b\u7de8\u8f2f\u8d85\u904e50\u5e74\u3002 \u2027\u5144\u9577\u6069\u91cc\u514b\u00b7\u6851\u6258\u65af\uff08Enrique Santos Calder\u00f3n\uff09\u66fe\u64d4\u4efb\u300aEl Tiempo\u300b\u4e3b\u4efb\u905410\u5e74\u3002 \u2027\u4f84\u5b50\u5f17\u6717\u897f\u65af\u79d1\u00b7\u6851\u6258\u65af\uff08Francisco Santos Calder\u00f3n\uff09\u66fe\u5728\u70cf\u91cc\u97cb\u653f\u5e9c\u4e2d\u64d4\u4efb\u526f\u7e3d\u7d71\uff082002\u5e74\u81f32010\u5e74\uff09 \u2027\u524d\u59bbSilvia Amaya Londo\u00f1o \uff0c\u73fe\u4efb\u59bb\u5b50Mar\u00eda Clemencia Rodr\u00edguez M\u00fanera \u2027\u5b50\u5973\uff1aMart\u00edn\u3001Mar\u00eda Antonia\u3001Esteban \u5b97\u6559\uff1a\u7f85\u99ac\u5929\u4e3b\u6559 \u7c21\u6b77\uff1a \u20271991\u5e7411\u670818\u65e5\u81f31994\u5e748\u67087\u65e5\uff1a\u51fa\u4efb\u54e5\u502b\u6bd4\u4e9e\u5c0d\u5916\u8cbf\u6613\u90e8\u9577 \u20272000\u5e748\u67087\u65e5\u81f32002\u5e748\u67087\u65e5\uff1a\u51fa\u4efb\u8ca1\u653f\u548c\u516c\u5171\u4fe1\u8cb8\u90e8\u9577 \u20272005\u5e74\uff1a\u5275\u7acb\u54e5\u502b\u6bd4\u4e9e\u6c11\u65cf\u5718\u7d50\u793e\u6703\u9ee8\uff0c\u5f8c\u4f86\u6c11\u65cf\u5718\u7d50\u793e\u6703\u9ee8\u6210\u70ba\u57f7\u653f\u9ee8\uff0c\u4e26\u8207\u4fdd\u5b88\u9ee8\u7d50\u70ba\u4e2d\u9593\u504f\u53f3\u57f7\u653f\u806f\u76df\u3002 \u20272006\u5e747\u670819\u65e5\u81f32009\u5e745\u670818\u65e5\uff1a\u51fa\u4efb\u570b\u9632\u90e8\u9577 \u20272010\u5e748\u67087\u65e5\uff1a\u51fa\u4efb\u54e5\u502b\u6bd4\u4e9e\u7e3d\u7d71 \u20272014\u5e746\u6708\uff0c\u5728\u7e3d\u7d71\u9078\u8209\u7b2c\u4e8c\u8f2a\u6295\u7968\u4e2d\u6210\u529f\u9023\u4efb\uff0c\u64ca\u6557\u53f3\u6d3e\u653f\u9ee8\u6c11\u4e3b\u4e2d\u9593\u9ee8\u7684\u5019\u9078\u4eba\u3002 \u20272016\u5e749\u6708\uff1a\u8207FARC\u9818\u5c0e\u4eba\u9686\u591a\u5c3c\u6b50\uff08Rodrigo Londono\uff09\u7c3d\u7f72\u6b77\u53f2\u6027\u548c\u5e73\u5354\u8b70\uff0c\u4ee5\u7d42\u7d5050\u5e74\u591a\u4f86\u7684\u5167\u6230\u885d\u7a81\uff0c\u60df\u6700\u7d42\u5728\u516c\u6295\u4e2d\u906d\u9078\u6c11\u5426\u6c7a\u3002 \u20272016\u5e7410\u67087\u65e5\uff1a\u8afe\u8c9d\u723e\u59d4\u54e1\u6703\u5ba3\u5e03\u6851\u6258\u65af\u7372\u98122016\u5e74\u5ea6\u8afe\u8c9d\u723e\u548c\u5e73\u734e\u5f97\u734e\uff0c\u7372800\u842c\u745e\u5178\u514b\u6717\u734e\u91d1\u3002","rel":"","context":"Similar post","block_context":{"text":"Similar post","link":""},"img":{"alt_text":"","src":"","width":0,"height":0},"classes":[]},{"id":110562,"url":"https:\/\/www.symedialab.com\/talk\/%e7%93%a6%e7%88%be%e6%96%af\/","url_meta":{"origin":111517,"position":2},"title":"\u74e6\u723e\u65af","author":"Patricia Leung","date":"January 23, 2017","format":false,"excerpt":"\u74e6\u723e\u65af\uff08Manuel Valls\uff09 \u8eab\u4efd\uff1a\u6cd5\u570b\u524d\u7e3d\u7406 \u51fa\u751f\uff1a1962\u5e748\u670813\u65e5\u751f\u65bc\u897f\u73ed\u7259\u5df4\u585e\u9686\u62ff \u653f\u9ee8\uff1a\u793e\u6703\u9ee8 \u5b78\u6b77\uff1a \u20271986\u5e74\uff1a\u7562\u696d\u65bc\u5df4\u9ece\u7b2c\u4e00\u5927\u5b78\u6b77\u53f2\u7cfb \u5bb6\u5ead\uff1a \u2027\u7956\u7236\u662f\u5275\u5efa\u9280\u884c\u7684\u91d1\u878d\u5bb6 \u2027\u7236\u89aa\u52a0\u6cf0\u7f85\u5c3c\u4e9e\uff08Xavier Valls\uff09\u662f\u4e00\u4f4d\u756b\u5bb6 \u2027\u6bcd\u89aaLuisangela Galfetti\u662f\u745e\u58eb\u7c4d\u610f\u5927\u5229\u4eba \u2027\u524d\u59bbNathalie Souli\u00e9\uff0c\u80b2\u67094\u540d\u5b50\u5973\uff0c\u5169\u4eba\u65bc1997\u5e74\u7d50\u5a5a\u3002 \u2027\u73fe\u4efb\u59bb\u5b50Anne Gravoin\u662f\u6cd5\u570b\u5ee3\u64ad\u611b\u6a02\u6a02\u5718\uff08Orchestre philharmonique de Radio France\uff09\u7684\u5c0f\u63d0\u7434\u5bb6\uff0c\u5169\u4eba\u65bc2010\u5e74\u7d50\u5a5a\u3002 \u7c21\u6b77\uff1a \u2027\u65e9\u5e74\u5728\u6cd5\u570b\u9678\u8ecd120\u5e2b\u5718\u670d\u5175\u5f79\uff0c\u99d0\u7d2e\u5728\u6953\u4e39\u767d\u9732\u3002 \u20271982\u5e74\uff1a\u6839\u64da\u6cd5\u570b\u6b78\u5316\u653f\u7b56\u52a0\u5165\u6cd5\u570b\u570b\u7c4d \u20271992\u5e74\uff1a\u6709\u4efd\u53c3\u8207\u70ba\u6cd5\u570b\u722d\u5f97\u963f\u723e\u8c9d\u7dad\u723e\uff08Albertville\uff09\u51ac\u5967\u6703 \u20271998\u5e74\uff1a\u66fe\u9032\u5165\u7f85\u5361\u723e\u7e3d\u7406\u8fa6\u516c\u5ba4\u4efb\u8077 \u20272001\u5e743\u670818\u65e5\u81f32012\u5e745\u670824\u65e5\uff1a\u57c3\u592b\u91cc\uff08Evry\uff09\u5e02\u5e02\u9577\uff0c2005\u5e74\u6cd5\u570b\u5404\u5730\u90ca\u5340\u52d5\u4e82\uff0c\u4ed6\u652f\u6301\u53f3\u7ffc\u653f\u5e9c\u63a1\u53d6\u5bb5\u7981\u7684\u63d0\u8b70\u3002 \u2027\u81ea2002\u5e74\u8d77\u4e00\u76f4\u662f\u570b\u6c11\u8b70\u6703\u6210\u54e1 \u20272012\u5e745\u670816\u65e5\u81f32014\u5e744\u67081\u65e5\uff1a\u5167\u653f\u90e8\u9577\uff0c\u4efb\u5167\u4ed6\u4e3b\u5f35\u7f85\u59c6\u4eba\uff08Roms\uff09\u61c9\u7559\u5728\u7f85\u99ac\u5c3c\u4e9e\u6216\u4fdd\u52a0\u5229\u4e9e\uff0c\u800c\u4e0d\u662f\u7559\u5728\u6cd5\u570b\u3002 \u20272014\u5e744\u67081\u65e5\u81f32016\u5e7412\u67086\u65e5\uff1a\u51fa\u4efb\u6cd5\u570b\u7e3d\u7406\uff0c\u7576\u6642\u793e\u6703\u9ee8\u5728\u5e02\u653f\u9078\u8209\u4e2d\u5927\u6557\uff0c\u74e6\u723e\u65af\u81e8\u5371\u53d7\u547d\u63a5\u66ff\u524d\u7e3d\u7406\u57c3\u7f85\u7684\u8077\u52d9\u3002 \u20272016\u5e7412\u67086\u65e5\uff1a\u70ba\u53c3\u52a02017\u5e74\u6cd5\u570b\u7e3d\u7d71\u9078\u8209\uff0c\u8fad\u53bb\u7e3d\u7406\u8077\u4f4d\u3002","rel":"","context":"Similar post","block_context":{"text":"Similar post","link":""},"img":{"alt_text":"","src":"","width":0,"height":0},"classes":[]},{"id":117681,"url":"https:\/\/www.symedialab.com\/talk\/%e9%a6%ac%e5%85%8b%e9%be%8d\/","url_meta":{"origin":111517,"position":3},"title":"\u99ac\u514b\u9f8d","author":"Patricia Leung","date":"April 27, 2017","format":false,"excerpt":"\u99ac\u514b\u9f8d\uff08Emmanuel Macron\uff09 \u8eab\u4efd\uff1a\u5019\u4efb\u6cd5\u570b\u7e3d\u7d71\u3001\u524d\u6295\u8cc7\u9280\u884c\u5bb6\u3001\u6cd5\u570b\u524d\u7d93\u6fdf\u90e8\u9577 \u51fa\u751f\uff1a1977\u5e7412\u670821\u65e5\u751f\u65bc\u6cd5\u570b \u5b78\u6b77\uff1a \u2027\u66fe\u5c31\u8b80\u5df4\u9ece\u4ea8\u5229\u56db\u4e16\u4e2d\u5b78 \u2027\u5728\u5df4\u9ece\u7b2c\u5341\u5927\u5b78\u4fee\u8b80\u54f2\u5b78\uff0c\u7372\u9ad8\u7b49\u6df1\u5165\u7814\u7a76\u6587\u6191\uff08DEA\uff09\u5b78\u4f4d\u3002 \u20272004\u5e74\u65bc\u570b\u5bb6\u884c\u653f\u5b78\u9662\u9ad8\u7d1a\u516c\u52d9\u54e1\u670d\u52d9\u8f09\u9ad4\u57f9\u8a13\u7562\u696d\uff0c\u4e26\u7372\u5f97\u5df4\u9ece\u653f\u6cbb\u5b78\u9662\u516c\u5171\u4e8b\u52d9\u5b78\u4f4d\u3002 \u5bb6\u5ead\uff1a \u2027\u7236\u89aa\u8b93-\u7c73\u6b47\u723e\u00b7\u99ac\u514b\u6717\u662f\u76ae\u5361\u7b2c\u5927\u5b78\u795e\u7d93\u5b78\u6559\u6388 \u2027\u6bcd\u89aa\u5f17\u6717\u7d22\u74e6\u7d72\uff08Fran\u00e7oise Macron-Nogu\u00e8s\uff09\u662f\u91ab\u5b78\u535a\u58eb \u2027\u59bb\u5b50Brigitte Trogneux\uff0c\u6bd4\u99ac\u514b\u9f8d\u5e74\u957720\u591a\u6b72\uff0c\u662f\u4ed6\u7684\u524d\u6cd5\u8a9e\u8001\u5e2b\uff0c\u66fe\u96e2\u5a5a\u67093\u540d\u5b69\u5b50\u99ac\u514b\u9f8d\u7684\u7236\u6bcd\u70ba\u4e86\u963b\u6b62\u5169\u4eba\u898b\u9762\u5b89\u6392\u4ed6\u8f49\u6821\uff0c\u5230\u5df4\u9ece\u5b8c\u6210\u9ad8\u4e2d\u8ab2\u7a0b\u3002\u4f46\u5169\u4eba\u6700\u7d42\u65bc2007\u5e74\u7d50\u5a5a\u3002 \u2027\u67097\u4f4d\u7e7c\u5b6b \u653f\u9ee8\uff1a \u2027\u793e\u6703\u9ee8\uff082002\u5e74-2009\u5e74\uff09 \u2027\u7121\u9ee8\u7c4d\uff082009\u5e74-2016\u5e74\uff09 \u2027\u524d\u9032\uff01\uff082016\u5e74-\u81f3\u4eca\uff09 \u7c21\u6b77\uff1a \u20271999\u5e74\u81f32001\u5e74\uff1a\u64d4\u4efb\u4fdd\u7f85\u00b7\u5229\u79d1\u7684\u52a9\u7406\uff0c\u5e6b\u52a9\u7de8\u8f2f\u5229\u79d1\u7684\u66f8\u300a\u8a18\u61b6\u3001\u6b77\u53f2\u3001\u907a\u5fd8\u300b\uff08La M\u00e9moire, l'histoire, l'oubli\uff09\u3002 \u20272012\u5e74\u81f32014\u5e74\uff1a\u4efb\u7e3d\u7d71\u5967\u6717\u5fb7\u7684\u526f\u79d8\u66f8\u9577 \u20272014\u5e748\u670826\u65e5\uff0c\u5728\u7b2c\u4e8c\u74e6\u723e\u65af\u5167\u95a3\u4e2d\u7372\u4efb\u547d\u70ba\u7d93\u6fdf\u3001\u7522\u696d\u66f4\u65b0\u548c\u8a0a\u606f\u6280\u8853\u90e8\u9577\uff0c\u53d6\u4ee3\u963f\u8afe\u00b7\u8499\u7279\u5e03\u723e\u3002\u4efb\u5167\u66fe\u63a8\u52d5\u5bcc\u722d\u8b70\u7684\u6539\u9769\u6cd5\u6848\uff0c\u5bb9\u8a31\u5546\u8216\u5728\u5468\u65e5\u958b\u9580\u71df\u696d\uff0c\u540c\u6642\u653e\u5bec\u90e8\u4efd\u696d\u754c\u7684\u898f\u7ba1\uff0c\u53c8\u9f13\u52f5\u5275\u7acb\u79d1\u6280\u521d\u5275\u4f01\u696d\u3002 \u20272016\u5e74\u5e744\u6708\uff1a\u5275\u7acb\u540d\u70ba\u300c\u524d\u9032\u300d\u7684\u653f\u6cbb\u7d44\u7e54\uff0c\u63d0\u5021\u4e2d\u9593\u8def\u7dda\uff0c\u8072\u8a00\u8981\u6311\u6230\u50b3\u7d71\u52e2\u529b\uff0c\u767c\u8d77\u4e00\u5834\u6c11\u4e3b\u9769\u547d\u3002 \u20272016\u5e7411\u6708\uff0c\u99ac\u514b\u9f8d\u5ba3\u5e03\u53c3\u82072017\u5e74\u7e3d\u7d71\u9078\u8209\u3002 \u20272017\u5e745\u67087\u65e5\uff0c\u6cd5\u570b\u7e3d\u7d71\u5927\u9078\uff0c\u99ac\u514b\u9f8d\u53d6\u5f9766.06%\u5f97\u7968\u7387\uff0c20,703,694\u5f35\u9078\u7968\u52dd\u9078\u3002","rel":"","context":"Similar post","block_context":{"text":"Similar post","link":""},"img":{"alt_text":"","src":"https:\/\/i0.wp.com\/www.symedialab.com\/talk\/wp-content\/uploads\/2017\/04\/123.jpg?resize=350%2C200&ssl=1","width":350,"height":200},"classes":[]},{"id":79829,"url":"https:\/\/www.symedialab.com\/talk\/%e4%bd%a9%e9%9b%b7%e6%96%af\/","url_meta":{"origin":111517,"position":4},"title":"\u4f69\u96f7\u65af","author":"Patricia Leung","date":"January 26, 2016","format":false,"excerpt":"\u5e0c\u8499\u00b7\u4f69\u96f7\u65af\uff08Shimon Peres\uff09 \u8eab\u4efd\uff1a\u4ee5\u8272\u5217\u524d\u7e3d\u7d71 \u51fa\u751f\uff1a1923\u5e748\u67082\u65e5\u751f\u65bc\u6ce2\u862d\u7dad\u4ec0\u6d85\u74e6\uff0c\u73fe\u5c6c\u767d\u4fc4\u7f85\u65af\u3002 \u5b78\u6b77\uff1a \u2027\u5728\u7d10\u7d04\u5927\u5b78\u548c\u54c8\u4f5b\u5927\u5b78\u9644\u5c6c\u4f01\u696d\u7ba1\u7406\u5b78\u6821\u5b78\u7fd2\uff0c\u4e26\u5728\u54c8\u4f5b\u5927\u5b78\u653f\u6cbb\u7cfb\u7562\u696d\u3002 \u5b97\u6559\uff1a\u7336\u592a\u6559 \u5bb6\u5ead\uff1a \u2027\u59bb\u5b50\u8607\u654f\u5a6d\uff08Sonya Gelman\uff09\uff0c2011\u5e74\u53bb\u4e16\u3002 \u2027\u80b2\u6709\u4e00\u5973\u5169\u5b50\uff0c\u5973\u5152\u662f\u8a9e\u8a00\u5b78\u5bb6\uff0c\u5176\u4e2d\u4e00\u540d\u5152\u5b50\u662f\u4ee5\u8272\u5217\u6700\u5927\u98a8\u96aa\u6295\u8cc7\u57fa\u91d1\u7684\u4e3b\u5e2d\u3002 \u7c21\u6b77\uff1a \u20271934\u5e74\uff0c\u4f69\u96f7\u65af\u5bb6\u5ead\u9077\u5c45\u5230\u5df4\u52d2\u65af\u5766\uff0c\u5f8c\u4f86\u5165\u8b80\u4e00\u6240\u8fb2\u696d\u5b78\u6821\u3002 \u2027\u65e9\u5e74\u66fe\u64d4\u4efb\u5976\u725b\u5834\u5de5\u4eba\u3001\u7267\u7f8a\u4eba\u548c\u5efa\u7bc9\u5e2b\u3002 \u20271946\u5e74\uff0c\u51fa\u5e2d\u5728\u745e\u58eb\u53ec\u958b\u7684\u7b2c22\u6b21\u4e16\u754c\u7336\u592a\u4eba\u5fa9\u570b\u4e3b\u7fa9\u5927\u6703\u3002 \u20271947\u5e74\uff0c\u52a0\u5165\u7336\u592a\u81ea\u885b\u8ecd\u54c8\u52a0\u62ff\u7d44\u7e54\uff08\u4ee5\u8272\u5217\u570b\u9632\u8ecd\u524d\u8eab\uff09\uff0c\u5c08\u9580\u8ca0\u8cac\u63a1\u8cfc\u6b66\u5668\u7684\u4e8b\u52d9\u3002 \u20271948\u5e74\uff0c\u64d4\u4efb\u4ee5\u8272\u5217\u570b\u9632\u90e8\u6d77\u8ecd\u4e8b\u52d9\u8ca0\u8cac\u4eba\u3002 \u20271952\u5e74\uff0c\u64d4\u4efb\u570b\u9632\u90e8\u526f\u4e3b\u4efb\u3002 \u20271953\u5e74\uff0c\u6649\u5347\u70ba\u570b\u9632\u90e8\u4e3b\u4efb\uff0c\u8ca0\u8cac\u4ee5\u8272\u5217\u8ecd\u706b\u5de5\u696d\u4e8b\u52d9\uff0c\u5728\u6cd5\u570b\u7684\u5e6b\u52a9\u4e0b\uff0c\u5728\u4ee5\u8272\u5217\u5167\u84cb\u592b\u6c99\u6f20\u5efa\u7acb\u8a72\u570b\u9996\u500b\u6838\u53cd\u61c9\u7210\u3002 \u20271959\u5e74\uff0c\u52a0\u5165\u4ee5\u8272\u5217\u5de5\u9ee8\u3002 \u20271959\u5e74\u81f31965\u5e74\uff0c\u51fa\u4efb\u526f\u570b\u9632\u90e8\u9577\u3002 \u20271965\u5e74\uff0c\u6709\u4efd\u5efa\u7acb\u4ee5\u8272\u5217\u5de5\u4eba\u9ee8\uff0c\u4e26\u51fa\u4efb\u7e3d\u66f8\u8a18\u3002 \u20271969\u5e74\uff0c\u51fa\u4efb\u79fb\u6c11\u90e8\u9577\u3002 \u20271970\u5e74\uff0c\u51fa\u4efb\u901a\u8a0a\u8207\u4ea4\u901a\u90e8\u9577\u3002 \u20271974\u5e74\u81f31977\u5e74\uff0c\u51fa\u4efb\u65b0\u805e\u90e8\u9577\u53ca\u570b\u9632\u90e8\u9577\u3002 \u20271977\u5e74\uff0c\u7576\u9078\u4ee5\u8272\u5217\u5de5\u9ee8\u4e3b\u5e2d\u3002 \u20271984\u5e74\u81f31986\u5e74\uff0c\u51fa\u4efb\u4ee5\u8272\u5217\u7e3d\u7406\u3002 \u20271986\u5e74\u81f31988\u5e74\uff0c\u51fa\u4efb\u5916\u4ea4\u90e8\u9577\u3002 \u20271988\u5e74\u81f31990\u5e74\uff0c\u51fa\u4efb\u8ca1\u653f\u90e8\u9577\u3002 \u20271992\u5e74\u81f31995\u5e74\uff0c\u518d\u4efb\u5916\u4ea4\u90e8\u9577\u3002 \u20271995\u5e74\uff0c\u51fa\u4efb\u4ee5\u8272\u5217\u7e3d\u7406\uff1b 11\u6708\u517c\u4efb\u570b\u9632\u90e8\u9577\u3002 \u20271997\u5e74\uff0c\u6210\u7acb\u4f69\u96f7\u65af\u548c\u5e73\u4e2d\u5fc3\uff08Peres Center for Peace\uff09\u3002 \u20271999\u5e746\u6708\uff0c\u51fa\u4efb\u4ee5\u8272\u5217\u7b2c15\u5c46\u8b70\u6703\u81e8\u6642\u8b70\u9577\u3002 \u20271999\u5e747\u6708\uff0c\u4efb\u4ee5\u8272\u5217\u5730\u5340\u5408\u4f5c\u90e8\u9577\u3002 \u20272001\u5e743\u6708\uff0c\u4efb\u5916\u4ea4\u90e8\u9577\uff0c9\u6708\u4efb\u526f\u7e3d\u7406\u517c\u5916\u9577\u30022002\u5e7410\u6708\u8fad\u8077\u3002 \u20272003\u5e746\u6708\uff0c\u7576\u9078\u5de5\u9ee8\u9ee8\u9b41\uff0c\u4efb\u671f\u81f32004\u5e746\u6708\u30022004\u5e741\u6708\uff0c\u4ee5\u8272\u5217\u5de5\u9ee8\u5c07\u5176\u4efb\u671f\u5ef6\u9577\u81f32005\u5e7412\u6708\u3002 \u20272005\u5e7411\u6708\uff0c\u9000\u51fa\u5de5\u9ee8\uff0c\u52a0\u5165\u524d\u9032\u9ee8\u3002 \u20272007\u5e747\u670815\u65e5\u81f32014\u5e747\u670824\u65e5\uff0c\u7576\u9078\u4ee5\u8272\u5217\u7e3d\u7d71\u3002 \u20272016\u5e741\u670824\u65e5\uff0c\u56e0\u5fc3\u81df\u4e0d\u9069\u5165\u9662\u6cbb\u7642\u3002 \u69ae\u8b7d\uff1a \u2027\u8afe\u8c9d\u723e\u548c\u5e73\u734e\uff081994\u5e74\uff09 \u2027\u862d\u6258\u65af\u4eba\u6b0a\u734e\uff08Lantos Human Rights Prize\uff0c2014\u5e74\uff09\uff0c\u8912\u63da\u4ed6\u5728\u7dad\u8b77\u4ee5\u8272\u5217\u6c11\u4e3b\u3001\u516c\u6c11\u81ea\u7531\u548c\u4eba\u6b0a\u50f9\u503c\uff0c\u4ee5\u53ca\u5c0d\u4e2d\u6771\u5730\u5340\u7684\u6b63\u7fa9\u8207\u548c\u5e73\u6240\u505a\u7684\u8ca2\u737b\u3002 \u8457\u4f5c\uff1a\u2026","rel":"","context":"Similar post","block_context":{"text":"Similar post","link":""},"img":{"alt_text":"","src":"https:\/\/i0.wp.com\/www.symedialab.com\/talk\/wp-content\/uploads\/2016\/01\/871.jpg?resize=350%2C200&ssl=1","width":350,"height":200},"classes":[]},{"id":111737,"url":"https:\/\/www.symedialab.com\/talk\/%e8%8f%b2%e6%b0%b8\/","url_meta":{"origin":111517,"position":5},"title":"\u83f2\u6c38","author":"Patricia Leung","date":"February 8, 2017","format":false,"excerpt":"\u83f2\u6c38\uff08Fran\u00e7ois Fillon\uff09 \u8eab\u4efd\uff1a\u524d\u6cd5\u570b\u7e3d\u7406 \u51fa\u751f\uff1a1954\u5e743\u67084\u65e5\u751f\u65bc\u6cd5\u570b\u52d2\u8292 \u5b78\u6b77\uff1a \u2027\u516c\u5171\u6cd5\u5b78\u548c\u653f\u6cbb\u5b78\u535a\u58eb\u5b78\u4f4d \u5bb6\u5ead\uff1a \u2027\u59bb\u5b50Penelope Clarke \u2027\u80b2\u67095\u540d\u5b50\u5973 \u7c21\u6b77\uff1a \u20271981\u5e74\uff0c\u6210\u70ba\u85a9\u723e\u7279\u7701\u53c3\u8b70\u54e1\uff0c\u70ba\u4ed6\u9996\u6b21\u7576\u9078\u570b\u6c11\u8b70\u6703\u8b70\u54e1\uff0c\u4ea6\u662f\u7576\u6642\u6700\u5e74\u8f15\u7684\u570b\u6703\u8b70\u54e1\u3002 \u20271993\u5e743\u6708\uff0c\u9996\u6b21\u9032\u5165\u6cd5\u570b\u653f\u5e9c\uff0c\u64d4\u4efb\u9ad8\u7b49\u6559\u80b2\u548c\u7814\u7a76\u90e8\u9577\u3002 \u20271995\u5e745\u6708\uff0c\u64d4\u4efb\u8cc7\u8a0a\u6280\u8853\u548c\u90f5\u96fb\u90e8\u9577\u3002 \u20271995\u5e7411\u6708\u81f31997\u5e746\u6708\uff0c\u64d4\u4efb\u5de5\u696d\u3001\u90f5\u653f\u548c\u96fb\u8a0a\u90e8\u8ca0\u8cac\u90f5\u653f\u3001\u96fb\u8a0a\u548c\u7a7a\u9593\u554f\u984c\u90e8\u9577\u7d1a\u4ee3\u8868\u3002 \u20272002\u5e745\u6708\uff0c\u64d4\u4efb\u793e\u6703\u4e8b\u52d9\u3001\u52de\u5de5\u548c\u4e92\u52a9\u90e8\u9577\u3002\u752b\u4e0a\u4efb\u4fbf\u7740\u624b\u6539\u9769\u6cd5\u570b\u990a\u8001\u91d1\u5236\u5ea6\uff0c\u7531\u65bc\u6539\u9769\u529b\u5ea6\u5927\uff0c\u88ab\u7a31\u70ba\u300c\u83f2\u6c38\u6539\u9769\u300d\u3002 \u20272004\u5e743\u6708\u81f32005\u5e746\u6708\uff0c\u64d4\u4efb\u570b\u6c11\u6559\u80b2\u3001\u9ad8\u7b49\u6559\u80b2\u548c\u7814\u7a76\u90e8\u9577\u3002 \u20272005\u5e745\u6708\u5e95\uff0c\u300a\u6b50\u76df\u61b2\u6cd5\u689d\u7d04\u300b\u5728\u6cd5\u570b\u5168\u6c11\u516c\u6c7a\u4e2d\u88ab\u5426\u6c7a\uff0c\u6642\u4efb\u7e3d\u7406\u62c9\u6cd5\u862d\u8fad\u8077\uff0c\u83f2\u6c38\u4ea6\u96e2\u958b\u4e86\u5167\u95a3\u3002\u4e4b\u5f8c\u83f2\u6c38\u652f\u6301\u85a9\u79d1\u9f4a\u5099\u6230\u7e3d\u7d71\u5927\u9078\uff0c\u64d4\u4efb\u5176\u653f\u6cbb\u9867\u554f\u3002 \u20272007\u5e745\u670817\u65e5\u81f32012\u5e745\u670815\u65e5\uff1a\u6cd5\u570b\u7e3d\u7406 \u20272012\u5e746\u670819\u65e5\uff1a\u7576\u9078\u6cd5\u570b\u570b\u6c11\u8b70\u6703\u8b70\u54e1 \u20272016\u5e7411\u670820\u65e5\uff1a\u83f2\u6c38\u5728\u5171\u548c\u9ee8\u521d\u9078\u7b2c\u4e00\u8f2a\u6295\u7968\u53d6\u5f97\u5927\u5e45\u9818\u5148\uff0c\u63a5\u7740\u572811\u670827\u65e5\u7684\u7b2c\u4e8c\u8f2a\u6295\u7968\u64ca\u6557\u5c45\u8c9d\u6210\u70ba\u5171\u548c\u9ee8\u5019\u9078\u4eba\u3002 \u20272017\u5e741\u6708\uff0c\u6cd5\u570b\u5468\u5831\u300a\u9d28\u9cf4\u5831\u300b\u5831\u9053\u6307\u83f2\u6c38\u7684\u59bb\u5b50\u5403\u7a7a\u9909\uff0c\u6d89\u6b3e\u9054\u6578\u5341\u842c\u6b50\u7f85\u3002\u53d7\u919c\u805e\u5f71\u97ff\uff0c\u83f2\u6c38\u7684\u652f\u6301\u5ea6\u76f4\u7dda\u4e0b\u6ed1\u3002","rel":"","context":"Similar post","block_context":{"text":"Similar post","link":""},"img":{"alt_text":"","src":"","width":0,"height":0},"classes":[]}],"_links":{"self":[{"href":"https:\/\/www.symedialab.com\/talk\/wp-json\/wp\/v2\/pages\/111517"}],"collection":[{"href":"https:\/\/www.symedialab.com\/talk\/wp-json\/wp\/v2\/pages"}],"about":[{"href":"https:\/\/www.symedialab.com\/talk\/wp-json\/wp\/v2\/types\/page"}],"author":[{"embeddable":true,"href":"https:\/\/www.symedialab.com\/talk\/wp-json\/wp\/v2\/users\/1207"}],"replies":[{"embeddable":true,"href":"https:\/\/www.symedialab.com\/talk\/wp-json\/wp\/v2\/comments?post=111517"}],"version-history":[{"count":0,"href":"https:\/\/www.symedialab.com\/talk\/wp-json\/wp\/v2\/pages\/111517\/revisions"}],"wp:featuredmedia":[{"embeddable":true,"href":"https:\/\/www.symedialab.com\/talk\/wp-json\/wp\/v2\/media\/111518"}],"wp:attachment":[{"href":"https:\/\/www.symedialab.com\/talk\/wp-json\/wp\/v2\/media?parent=111517"}],"curies":[{"name":"wp","href":"https:\/\/api.w.org\/{rel}","templated":true}]}}